{"id":1813,"date":"2026-02-21T23:47:19","date_gmt":"2026-02-21T22:47:19","guid":{"rendered":"https:\/\/3cscomunicaciones.itsoft.com.ec\/?page_id=1813"},"modified":"2026-02-23T03:05:52","modified_gmt":"2026-02-23T02:05:52","slug":"priscila-romero","status":"publish","type":"page","link":"http:\/\/3cscomunicaciones.com\/index.php\/priscila-romero\/","title":{"rendered":""},"content":{"rendered":"\t\t<div data-elementor-type=\"wp-page\" data-elementor-id=\"1813\" class=\"elementor elementor-1813\">\n\t\t\t\t\t\t<section class=\"elementor-section elementor-top-section elementor-element elementor-element-bbac52d elementor-section-full_width elementor-section-height-default elementor-section-height-default\" data-id=\"bbac52d\" data-element_type=\"section\" data-e-type=\"section\">\n\t\t\t\t\t\t<div class=\"elementor-container elementor-column-gap-no\">\n\t\t\t\t\t<div class=\"elementor-column elementor-col-100 elementor-top-column elementor-element elementor-element-260535e\" data-id=\"260535e\" data-element_type=\"column\" data-e-type=\"column\">\n\t\t\t<div class=\"elementor-widget-wrap elementor-element-populated\">\n\t\t\t\t\t\t<div class=\"elementor-element elementor-element-71f9370 elementor-widget elementor-widget-apsro-team-details\" data-id=\"71f9370\" data-element_type=\"widget\" data-e-type=\"widget\" data-widget_type=\"apsro-team-details.default\">\n\t\t\t\t<div class=\"elementor-widget-container\">\n\t\t\t\t\t    <!--Team Details Start-->\r\n    <section class=\"team-details\">\r\n        <div class=\"container\">\r\n            <div class=\"row\">\r\n                <div class=\"col-xl-6 col-lg-6\">\r\n                    <div class=\"team-details__left\">\r\n                        <div class=\"team-details__img\">\r\n                            <img decoding=\"async\" src=\"http:\/\/3cscomunicaciones.com\/wp-content\/uploads\/2026\/02\/details-romero-550x573-1.jpg\" alt=\"Priscila Romero\" title=\"Priscila Romero\" >                        <\/div>\r\n                    <\/div>\r\n                <\/div>\r\n                <div class=\"col-xl-6 col-lg-6\">\r\n                    <div class=\"team-details__right\">\r\n                        <h3 class=\"team-details__name\">Priscila Romero Pinto<\/h3><p class=\"team-details__sub-title\">Especialista en relaciones p\u00fablicas y periodista<\/p>                        <div class=\"team-details__social\">\r\n                                                    <\/div>\r\n                        <p class=\"team-details__text-1\">Especialista en relaciones p\u00fablicas, coordinaci\u00f3n de agendas medi\u00e1ticas y manejo de l\u00edderes de opini\u00f3n en Ecuador. Ha trabajado en los medios de comunicaci\u00f3n m\u00e1s importantes del pa\u00eds como periodista y coordinadora de noticias, entre ellos est\u00e1n: Ecuavisa, Teleamazonas, Fm Mundo, Visionarias, RTU y RCN Cat\u00f3lica.\n<br>\nExperta en coordinaci\u00f3n y producci\u00f3n de piezas comunicacionales como noticieros y videos con contenido pol\u00edtico e informativo. Entrevistadora y especialista en conducci\u00f3n de eventos pol\u00edticos y empresariales. Priscila tiene m\u00e1s de 10 a\u00f1os de experiencia gestionando relaciones p\u00fablicas, y es asesora de gremios y asociaciones para estrategias de public affairs. \n<br>\nEs quite\u00f1a y amante de los animales\n<\/p>                        <div class=\"team-details__points-box\">\r\n                            <ul class=\"team-details__points list-unstyled ml-0\">\r\n                                                            <\/ul>\r\n                            <ul class=\"team-details__points list-unstyled ml-0\">\r\n                                                            <\/ul>\r\n                        <\/div>\r\n                        <div class=\"team-details__progress\">\r\n                                                            <div class=\"team-details__progress-single\">\r\n                                    <h4 class=\"team-details__progress-title\">Relaciones P\u00fablicas<\/h4>                                    <div class=\"bar\">\r\n                                        <div class=\"bar-inner count-bar\" data-percent=\"100%\">\r\n                                            <div class=\"count-text\">100%<\/div>\r\n                                        <\/div>\r\n                                    <\/div>\r\n                                <\/div>\r\n                                                            <div class=\"team-details__progress-single\">\r\n                                    <h4 class=\"team-details__progress-title team-details__progress-title\">Periodismo<\/h4>                                    <div class=\"bar\">\r\n                                        <div class=\"bar-inner count-bar\" data-percent=\"100%\">\r\n                                            <div class=\"count-text\">100%<\/div>\r\n                                        <\/div>\r\n                                    <\/div>\r\n                                <\/div>\r\n                                                    <\/div>\r\n                    <\/div>\r\n                <\/div>\r\n            <\/div>\r\n        <\/div>\r\n    <\/section>\r\n    <!--Team Details End-->\r\n\t\t\t\t<\/div>\n\t\t\t\t<\/div>\n\t\t\t\t\t<\/div>\n\t\t<\/div>\n\t\t\t\t\t<\/div>\n\t\t<\/section>\n\t\t\t\t<\/div>\n\t\t","protected":false},"excerpt":{"rendered":"<p>Priscila Romero Pinto Especialista en relaciones p\u00fablicas y periodista Especialista en relaciones p\u00fablicas, coordinaci\u00f3n de agendas medi\u00e1ticas y manejo de l\u00edderes de opini\u00f3n en Ecuador. Ha trabajado en los medios de comunicaci\u00f3n m\u00e1s importantes del pa\u00eds como periodista y coordinadora de noticias, entre ellos est\u00e1n: Ecuavisa, Teleamazonas, Fm Mundo, Visionarias, RTU y RCN Cat\u00f3lica. Experta [&hellip;]<\/p>\n","protected":false},"author":1,"featured_media":0,"parent":0,"menu_order":0,"comment_status":"closed","ping_status":"closed","template":"elementor_header_footer","meta":{"footnotes":""},"class_list":["post-1813","page","type-page","status-publish","hentry"],"_links":{"self":[{"href":"http:\/\/3cscomunicaciones.com\/index.php\/wp-json\/wp\/v2\/pages\/1813","targetHints":{"allow":["GET"]}}],"collection":[{"href":"http:\/\/3cscomunicaciones.com\/index.php\/wp-json\/wp\/v2\/pages"}],"about":[{"href":"http:\/\/3cscomunicaciones.com\/index.php\/wp-json\/wp\/v2\/types\/page"}],"author":[{"embeddable":true,"href":"http:\/\/3cscomunicaciones.com\/index.php\/wp-json\/wp\/v2\/users\/1"}],"replies":[{"embeddable":true,"href":"http:\/\/3cscomunicaciones.com\/index.php\/wp-json\/wp\/v2\/comments?post=1813"}],"version-history":[{"count":10,"href":"http:\/\/3cscomunicaciones.com\/index.php\/wp-json\/wp\/v2\/pages\/1813\/revisions"}],"predecessor-version":[{"id":1973,"href":"http:\/\/3cscomunicaciones.com\/index.php\/wp-json\/wp\/v2\/pages\/1813\/revisions\/1973"}],"wp:attachment":[{"href":"http:\/\/3cscomunicaciones.com\/index.php\/wp-json\/wp\/v2\/media?parent=1813"}],"curies":[{"name":"wp","href":"https:\/\/api.w.org\/{rel}","templated":true}]}}